
What is the highest common factor of 583 and 10600?
53
What is the highest common factor of 138 and 7084?
46
What is the highest common factor of 5561 and 581?
83
Calculate the greatest common factor of 798 and 42.
42
What is the greatest common factor of 288 and 40?
8
Calculate the greatest common divisor of 144 and 12564.
36
What is the greatest common divisor of 228 and 95?
19
Calculate the highest common factor of 6832 and 610.
122
What is the greatest common factor of 204 and 12?
12
Calculate the highest common divisor of 57 and 247.
19
Calculate the greatest common divisor of 1602 and 36.
18
Calculate the greatest common factor of 1656 and 54.
18
What is the greatest common divisor of 2028 and 408?
12
What is the greatest common factor of 29 and 435?
29
What is the greatest common divisor of 495 and 693?
99
Calculate the highest common divisor of 1023 and 279.
93
What is the highest common divisor of 670 and 1474?
134
Calculate the greatest common factor of 8 and 524.
4
What is the greatest common factor of 12315 and 15?
15
Calculate the greatest common divisor of 12244 and 8.
4
What is the greatest common factor of 340 and 60?
20
What is the greatest common divisor of 6 and 282?
6
Calculate the greatest common factor of 77 and 1309.
77
Calculate the highest common factor of 21 and 189.
21
What is the greatest common factor of 192 and 18?
6
What is the highest common factor of 15 and 45?
15
Calculate the greatest common factor of 1334 and 46.
46
What is the highest common factor of 31 and 155?
31
Calculate the highest common divisor of 30 and 270.
30
Calculate the highest common factor of 280 and 1080.
40
What is the highest common factor of 132 and 18348?
132
Calculate the greatest common divisor of 6 and 282.
6
What is the highest common divisor of 4 and 278?
2
Calculate the greatest common factor of 414 and 22563.
207
What is the highest common factor of 104 and 4888?
104
What is the highest common factor of 2282 and 14?
14
What is the highest common factor of 18 and 6714?
18
Calculate the highest common factor of 10121 and 58.
29
What is the highest common divisor of 259 and 37?
37
Calculate the highest common factor of 88 and 544.
8
What is the greatest common divisor of 7020 and 65?
65
Calculate the greatest common factor of 212 and 4.
4
What is the highest common factor of 2133 and 79?
79
What is the greatest common factor of 2472 and 24?
24
What is the greatest common divisor of 812 and 928?
116
What is the greatest common divisor of 165 and 1410?
15
Calculate the greatest common factor of 391 and 368.
23
What is the highest common factor of 220 and 2915?
55
What is the highest common factor of 15 and 15915?
15
What is the greatest common divisor of 47 and 423?
47
What is the highest common factor of 155 and 5?
5
Calculate the highest common divisor of 126 and 9156.
42
Calculate the greatest common divisor of 500 and 4.
4
Calculate the highest common divisor of 10 and 1620.
10
Calculate the greatest common divisor of 676 and 104.
52
Calculate the highest common factor of 168 and 9336.
24
Calculate the greatest common divisor of 1551 and 846.
141
What is the highest common factor of 18 and 5724?
18
Calculate the greatest common factor of 185 and 111.
37
What is the greatest common divisor of 21 and 342?
3
What is the greatest common factor of 155 and 248?
31
What is the highest common divisor of 135 and 27405?
135
What is the highest common factor of 150 and 1425?
75
What is the greatest common factor of 4068 and 18?
18
Calculate the greatest common divisor of 20 and 640.
20
What is the highest common divisor of 31 and 22599?
31
Calculate the highest common divisor of 342 and 114.
114
Calculate the highest common divisor of 161 and 133.
7
Calculate the highest common divisor of 6 and 402.
6
What is the highest common factor of 136 and 80?
8
What is the greatest common factor of 3 and 2973?
3
Calculate the highest common factor of 60 and 2860.
20
What is the highest common divisor of 1408 and 88?
88
Calculate the greatest common factor of 182 and 5096.
182
What is the highest common divisor of 2034 and 18?
18
Calculate the highest common divisor of 845 and 52.
13
Calculate the highest common factor of 3348 and 36.
36
What is the highest common factor of 49 and 7693?
49
Calculate the highest common divisor of 1580 and 16.
4
What is the greatest common divisor of 342 and 646?
38
Calculate the greatest common divisor of 3 and 12.
3
What is the greatest common divisor of 390 and 91?
13
Calculate the greatest common factor of 69060 and 60.
60
What is the highest common divisor of 246 and 114?
6
Calculate the highest common factor of 187 and 4165.
17
Calculate the greatest common divisor of 925 and 1775.
25
Calculate the greatest common factor of 309 and 2060.
103
What is the highest common divisor of 585 and 120?
15
Calculate the highest common factor of 528 and 900.
12
Calculate the highest common divisor of 83 and 83.
83
What is the greatest common divisor of 248 and 93?
31
Calculate the greatest common divisor of 9 and 3528.
9
What is the highest common factor of 352 and 44?
44
Calculate the highest common divisor of 1870 and 880.
110
Calculate the greatest common factor of 90 and 160.
10
What is the greatest common factor of 529 and 184?
23
What is the highest common divisor of 4681 and 93?
31
Calculate the highest common factor of 368 and 230.
46
Calculate the highest common divisor of 950 and 18.
2
Calculate the highest common divisor of 18600 and 75.
75
What is the highest common factor of 16 and 112?
16
What is the greatest common divisor of 140 and 220?
20
What is the greatest common divisor of 90 and 3120?
30
Calculate the highest common factor of 6966 and 162.
162
What is the highest common divisor of 552 and 23?
23
Calculate the greatest common divisor of 42 and 1183.
7
What is the highest common factor of 23 and 1357?
23
Calculate the highest common factor of 50369 and 209.
209
What is the highest common divisor of 24 and 300?
12
Calculate the highest common factor of 168 and 24.
24
Calculate the highest common divisor of 1175 and 47.
47
What is the highest common factor of 156 and 2262?
78
What is the highest common divisor of 28 and 462?
14
What is the highest common factor of 58 and 116?
58
Calculate the greatest common factor of 5145 and 105.
105
Calculate the greatest common factor of 2784 and 120.
24
What is the highest common divisor of 12 and 696?
12
Calculate the highest common factor of 17 and 18751.
17
Calculate the highest common factor of 527 and 1088.
17
What is the greatest common factor of 6570 and 450?
90
What is the highest common factor of 36 and 132?
12
Calculate the greatest common divisor of 94 and 30127.
47
Calculate the highest common factor of 56 and 1960.
56
Calculate the greatest common factor of 42 and 2058.
42
Calculate the greatest common factor of 252 and 23814.
126
Calculate the highest common divisor of 765 and 85.
85
Calculate the highest common divisor of 9 and 48.
3
Calculate the highest common factor of 260 and 80.
20
What is the greatest common factor of 21 and 273?
21
What is the highest common divisor of 168 and 24?
24
What is the greatest common factor of 155 and 341?
31
Calculate the highest common factor of 1060 and 8.
4
Calculate the greatest common divisor of 25 and 675.
25
Calculate the highest common factor of 1311 and 391.
23
What is the highest common divisor of 9 and 63?
9
What is the highest common divisor of 496 and 341?
31
What is the greatest common factor of 6920 and 90?
10
Calculate the greatest common divisor of 285 and 135.
15
What is the greatest common factor of 150 and 380?
10
What is the greatest common divisor of 18744 and 426?
426
What is the greatest common factor of 56 and 106?
2
What is the greatest common divisor of 2400 and 64?
32
What is the greatest common factor of 376 and 2820?
188
What is the greatest common factor of 195 and 15?
15
What is the highest common factor of 6 and 1452?
6
What is the greatest common factor of 25 and 400?
25
What is the highest common factor of 10824 and 198?
66
Calculate the greatest common factor of 12 and 60.
12
Calculate the highest common factor of 50 and 110.
10
What is the greatest common factor of 7238 and 188?